{"id":173,"date":"2019-03-14T14:57:47","date_gmt":"2019-03-14T14:57:47","guid":{"rendered":"http:\/\/iwebdc.com\/demo\/ostrya\/?page_id=173"},"modified":"2025-01-12T15:59:52","modified_gmt":"2025-01-12T14:59:52","slug":"alias-informatique-reparation-vente-particuliers-professionnelles-site-atelier","status":"publish","type":"page","link":"https:\/\/www.alias-informatique.net\/","title":{"rendered":"Accueil"},"content":{"rendered":"<p>[vc_row css=\u00a0\u00bb.vc_custom_1699203923113{margin-top: 0px !important;margin-right: 0px !important;margin-bottom: 0px !important;margin-left: 0px !important;padding-top: 0px !important;padding-right: 0px !important;padding-bottom: 0px !important;padding-left: 0px !important;}\u00a0\u00bb][vc_column][rev_slider_vc alias=\u00a0\u00bbwdc-slider-one1&Prime;][vc_row_inner css=\u00a0\u00bb.vc_custom_1699203987175{margin-top: 15px !important;}\u00a0\u00bb][vc_column_inner css=\u00a0\u00bb.vc_custom_1699205483164{margin-top: 15px !important;}\u00a0\u00bb][wdc_heading title=\u00a0\u00bbServices\u00a0\u00bb]Pour r\u00e9pondre au mieux \u00e0 tous vos besoins informatiques[\/wdc_heading][\/vc_column_inner][\/vc_row_inner][vc_row_inner css=\u00a0\u00bb.vc_custom_1699204228660{margin-top: 15px !important;}\u00a0\u00bb][vc_column_inner width=\u00a0\u00bb1\/4&Prime;][vc_hoverbox image=\u00a0\u00bb784&Prime; primary_title=\u00a0\u00bb\u00a0\u00bb primary_title_google_fonts=\u00a0\u00bbfont_family:Anton%3Aregular|font_style:400%20regular%3A400%3Anormal\u00a0\u00bb hover_title=\u00a0\u00bbR\u00e9paration d&rsquo;ordinateurs\u00a0\u00bb el_width=\u00a0\u00bb90&Prime; hover_btn_title=\u00a0\u00bb+d&rsquo;infos\u00a0\u00bb hover_btn_i_icon_fontawesome=\u00a0\u00bbfas fa-ambulance\u00a0\u00bb use_custom_fonts_primary_title=\u00a0\u00bbtrue\u00a0\u00bb hover_add_button=\u00a0\u00bbtrue\u00a0\u00bb hover_btn_add_icon=\u00a0\u00bbtrue\u00a0\u00bb hover_btn_link=\u00a0\u00bburl:https%3A%2F%2Fwww.alias-informatique.net%2Findex.php%2Freparation-dordinateurs-fixe-et-partables%2F|title:R%C3%A9paration\u00a0\u00bb]Rapidit\u00e9, efficacit\u00e9, le tout avec des d\u00e9lais tr\u00e8s courts[\/vc_hoverbox][\/vc_column_inner][vc_column_inner width=\u00a0\u00bb1\/4&Prime;][vc_hoverbox image=\u00a0\u00bb927&Prime; primary_title=\u00a0\u00bb\u00a0\u00bb primary_title_google_fonts=\u00a0\u00bbfont_family:Anton%3Aregular|font_style:400%20regular%3A400%3Anormal\u00a0\u00bb hover_title=\u00a0\u00bbVente d&rsquo;ordinateurs\u00a0\u00bb el_width=\u00a0\u00bb90&Prime; hover_btn_title=\u00a0\u00bb+d&rsquo;infos\u00a0\u00bb hover_btn_i_icon_fontawesome=\u00a0\u00bbfas fa-copy\u00a0\u00bb use_custom_fonts_primary_title=\u00a0\u00bbtrue\u00a0\u00bb hover_add_button=\u00a0\u00bbtrue\u00a0\u00bb hover_btn_add_icon=\u00a0\u00bbtrue\u00a0\u00bb hover_btn_link=\u00a0\u00bburl:https%3A%2F%2Fwww.alias-informatique.net%2Findex.php%2Fservices%2Fvente-dordinateurs%2F|title:Vente%20d%E2%80%99ordinateurs\u00a0\u00bb]Conseils avis\u00e9s pour coller au plus pr\u00e8s de votre besoin[\/vc_hoverbox][\/vc_column_inner][vc_column_inner width=\u00a0\u00bb1\/4&Prime;][vc_hoverbox image=\u00a0\u00bb783&Prime; primary_title=\u00a0\u00bb\u00a0\u00bb primary_title_google_fonts=\u00a0\u00bbfont_family:Anton%3Aregular|font_style:400%20regular%3A400%3Anormal\u00a0\u00bb hover_title=\u00a0\u00bbInstallation de r\u00e9seaux\u00a0\u00bb el_width=\u00a0\u00bb90&Prime; hover_btn_title=\u00a0\u00bb+d&rsquo;infos\u00a0\u00bb hover_btn_i_icon_fontawesome=\u00a0\u00bbfas fa-share-alt\u00a0\u00bb use_custom_fonts_primary_title=\u00a0\u00bbtrue\u00a0\u00bb hover_add_button=\u00a0\u00bbtrue\u00a0\u00bb hover_btn_add_icon=\u00a0\u00bbtrue\u00a0\u00bb hover_btn_link=\u00a0\u00bburl:https%3A%2F%2Fwww.alias-informatique.net%2Findex.php%2Fservices%2Finstallation-de-reseaux%2F|title:Installation%20de%20r%C3%A9seaux\u00a0\u00bb]Conseils et installation de r\u00e9seaux et serveurs[\/vc_hoverbox][\/vc_column_inner][vc_column_inner width=\u00a0\u00bb1\/4&Prime;][vc_hoverbox image=\u00a0\u00bb930&Prime; primary_title=\u00a0\u00bb\u00a0\u00bb primary_title_google_fonts=\u00a0\u00bbfont_family:Anton%3Aregular|font_style:400%20regular%3A400%3Anormal\u00a0\u00bb hover_title=\u00a0\u00bbT\u00e9l\u00e9phonie sur IP\u00a0\u00bb el_width=\u00a0\u00bb90&Prime; hover_btn_title=\u00a0\u00bb+d&rsquo;infos\u00a0\u00bb hover_btn_i_icon_fontawesome=\u00a0\u00bbfas fa-tty\u00a0\u00bb use_custom_fonts_primary_title=\u00a0\u00bbtrue\u00a0\u00bb hover_add_button=\u00a0\u00bbtrue\u00a0\u00bb hover_btn_add_icon=\u00a0\u00bbtrue\u00a0\u00bb hover_btn_link=\u00a0\u00bburl:https%3A%2F%2Fwww.alias-informatique.net%2Findex.php%2Ftelephonie-par-alias-informatique-vannes-56%2F|title:T%C3%A9l%C3%A9phonie%20sur%20IP\u00a0\u00bb]D\u00e9pannage et installation de standard Voip sous ast\u00e9rix<\/p>\n<div id=\"gtx-trans\" style=\"position: absolute; left: -682px; top: 37.8px;\">\n<div class=\"gtx-trans-icon\"><\/div>\n<\/div>\n<p>[\/vc_hoverbox][\/vc_column_inner][\/vc_row_inner][\/vc_column][\/vc_row][vc_row css=\u00a0\u00bb.vc_custom_1699205526560{margin-top: 45px !important;}\u00a0\u00bb][vc_column][wdc_heading title=\u00a0\u00bbLa soci\u00e9t\u00e9\u00a0\u00bb]Au service des particuliers et des professionnelles depuis plus de 25 ans[\/wdc_heading][\/vc_column][\/vc_row][vc_row css=\u00a0\u00bb.vc_custom_1699370744339{margin-top: 15px !important;}\u00a0\u00bb][vc_column width=\u00a0\u00bb1\/3&Prime;][vc_single_image image=\u00a0\u00bb781&Prime; img_size=\u00a0\u00bbmedium\u00a0\u00bb][\/vc_column][vc_column width=\u00a0\u00bb2\/3&Prime;][vc_column_text]Jean-Paul LE LOC&rsquo;H<\/p>\n<p>Informaticien<\/p>\n<p>G\u00e9rant de la soci\u00e9t\u00e9<\/p>\n<div id=\"gtx-trans\" style=\"position: absolute; left: -107px; top: -8.8px;\">\n<div class=\"gtx-trans-icon\"><\/div>\n<\/div>\n<p>[\/vc_column_text][\/vc_column][\/vc_row][vc_row css=\u00a0\u00bb.vc_custom_1699370752276{margin-top: 35px !important;}\u00a0\u00bb][vc_column][\/vc_column][\/vc_row]<\/p>\n","protected":false},"excerpt":{"rendered":"<p>[vc_row css=\u00a0\u00bb.vc_custom_1699203923113{margin-top: 0px !important;margin-right: 0px !important;margin-bottom: 0px !important;margin-left: 0px !important;padding-top: 0px !important;padding-right: 0px !important;padding-bottom: 0px !important;padding-left: 0px !important;}\u00a0\u00bb][vc_column][rev_slider_vc alias=\u00a0\u00bbwdc-slider-one1&Prime;][vc_row_inner css=\u00a0\u00bb.vc_custom_1699203987175{margin-top: 15px !important;}\u00a0\u00bb][vc_column_inner css=\u00a0\u00bb.vc_custom_1699205483164{margin-top: 15px !important;}\u00a0\u00bb][wdc_heading title=\u00a0\u00bbServices\u00a0\u00bb]Pour r\u00e9pondre au mieux \u00e0 tous vos besoins informatiques[\/wdc_heading][\/vc_column_inner][\/vc_row_inner][vc_row_inner css=\u00a0\u00bb.vc_custom_1699204228660{margin-top: 15px !important;}\u00a0\u00bb][vc_column_inner width=\u00a0\u00bb1\/4&Prime;][vc_hoverbox image=\u00a0\u00bb784&Prime; primary_title=\u00a0\u00bb\u00a0\u00bb primary_title_google_fonts=\u00a0\u00bbfont_family:Anton%3Aregular|font_style:400%20regular%3A400%3Anormal\u00a0\u00bb hover_title=\u00a0\u00bbR\u00e9paration d&rsquo;ordinateurs\u00a0\u00bb el_width=\u00a0\u00bb90&Prime; hover_btn_title=\u00a0\u00bb+d&rsquo;infos\u00a0\u00bb hover_btn_i_icon_fontawesome=\u00a0\u00bbfas fa-ambulance\u00a0\u00bb use_custom_fonts_primary_title=\u00a0\u00bbtrue\u00a0\u00bb hover_add_button=\u00a0\u00bbtrue\u00a0\u00bb hover_btn_add_icon=\u00a0\u00bbtrue\u00a0\u00bb hover_btn_link=\u00a0\u00bburl:https%3A%2F%2Fwww.alias-informatique.net%2Findex.php%2Freparation-dordinateurs-fixe-et-partables%2F|title:R%C3%A9paration\u00a0\u00bb]Rapidit\u00e9, efficacit\u00e9, le tout avec [&hellip;]<\/p>\n","protected":false},"author":1,"featured_media":0,"parent":0,"menu_order":0,"comment_status":"closed","ping_status":"closed","template":"","meta":{"footnotes":""},"class_list":["post-173","page","type-page","status-publish","hentry"],"yoast_head":"<!-- This site is optimized with the Yoast SEO plugin v25.8 - https:\/\/yoast.com\/wordpress\/plugins\/seo\/ -->\n<title>Accueil - Alias informatique<\/title>\n<meta name=\"description\" content=\"R\u00e9paration et vente d&#039;ordinateurs fixe et portables pour particuliers et professionnelles. Site site et en atelier avec ou sans rdv.\" \/>\n<meta name=\"robots\" content=\"index, follow, max-snippet:-1, max-image-preview:large, max-video-preview:-1\" \/>\n<link rel=\"canonical\" href=\"https:\/\/www.alias-informatique.net\/\" \/>\n<meta property=\"og:locale\" content=\"fr_FR\" \/>\n<meta property=\"og:type\" content=\"article\" \/>\n<meta property=\"og:title\" content=\"Accueil - Alias informatique\" \/>\n<meta property=\"og:description\" content=\"R\u00e9paration et vente d&#039;ordinateurs fixe et portables pour particuliers et professionnelles. Site site et en atelier avec ou sans rdv.\" \/>\n<meta property=\"og:url\" content=\"https:\/\/www.alias-informatique.net\/\" \/>\n<meta property=\"og:site_name\" content=\"Alias informatique\" \/>\n<meta property=\"article:modified_time\" content=\"2025-01-12T14:59:52+00:00\" \/>\n<meta name=\"twitter:card\" content=\"summary_large_image\" \/>\n<meta name=\"twitter:label1\" content=\"Dur\u00e9e de lecture estim\u00e9e\" \/>\n\t<meta name=\"twitter:data1\" content=\"1 minute\" \/>\n<script type=\"application\/ld+json\" class=\"yoast-schema-graph\">{\"@context\":\"https:\/\/schema.org\",\"@graph\":[{\"@type\":\"WebPage\",\"@id\":\"https:\/\/www.alias-informatique.net\/\",\"url\":\"https:\/\/www.alias-informatique.net\/\",\"name\":\"Accueil - Alias informatique\",\"isPartOf\":{\"@id\":\"https:\/\/www.alias-informatique.net\/#website\"},\"datePublished\":\"2019-03-14T14:57:47+00:00\",\"dateModified\":\"2025-01-12T14:59:52+00:00\",\"description\":\"R\u00e9paration et vente d'ordinateurs fixe et portables pour particuliers et professionnelles. Site site et en atelier avec ou sans rdv.\",\"breadcrumb\":{\"@id\":\"https:\/\/www.alias-informatique.net\/#breadcrumb\"},\"inLanguage\":\"fr-FR\",\"potentialAction\":[{\"@type\":\"ReadAction\",\"target\":[\"https:\/\/www.alias-informatique.net\/\"]}]},{\"@type\":\"BreadcrumbList\",\"@id\":\"https:\/\/www.alias-informatique.net\/#breadcrumb\",\"itemListElement\":[{\"@type\":\"ListItem\",\"position\":1,\"name\":\"Accueil\",\"item\":\"https:\/\/www.alias-informatique.net\/\"},{\"@type\":\"ListItem\",\"position\":2,\"name\":\"Accueil\"}]},{\"@type\":\"WebSite\",\"@id\":\"https:\/\/www.alias-informatique.net\/#website\",\"url\":\"https:\/\/www.alias-informatique.net\/\",\"name\":\"Alias informatique\",\"description\":\"R\u00e9paration et vente d&#039;ordinateurs pour particuliers et professionnelles\",\"potentialAction\":[{\"@type\":\"SearchAction\",\"target\":{\"@type\":\"EntryPoint\",\"urlTemplate\":\"https:\/\/www.alias-informatique.net\/?s={search_term_string}\"},\"query-input\":{\"@type\":\"PropertyValueSpecification\",\"valueRequired\":true,\"valueName\":\"search_term_string\"}}],\"inLanguage\":\"fr-FR\"}]}<\/script>\n<!-- \/ Yoast SEO plugin. -->","yoast_head_json":{"title":"Accueil - Alias informatique","description":"R\u00e9paration et vente d'ordinateurs fixe et portables pour particuliers et professionnelles. Site site et en atelier avec ou sans rdv.","robots":{"index":"index","follow":"follow","max-snippet":"max-snippet:-1","max-image-preview":"max-image-preview:large","max-video-preview":"max-video-preview:-1"},"canonical":"https:\/\/www.alias-informatique.net\/","og_locale":"fr_FR","og_type":"article","og_title":"Accueil - Alias informatique","og_description":"R\u00e9paration et vente d'ordinateurs fixe et portables pour particuliers et professionnelles. Site site et en atelier avec ou sans rdv.","og_url":"https:\/\/www.alias-informatique.net\/","og_site_name":"Alias informatique","article_modified_time":"2025-01-12T14:59:52+00:00","twitter_card":"summary_large_image","twitter_misc":{"Dur\u00e9e de lecture estim\u00e9e":"1 minute"},"schema":{"@context":"https:\/\/schema.org","@graph":[{"@type":"WebPage","@id":"https:\/\/www.alias-informatique.net\/","url":"https:\/\/www.alias-informatique.net\/","name":"Accueil - Alias informatique","isPartOf":{"@id":"https:\/\/www.alias-informatique.net\/#website"},"datePublished":"2019-03-14T14:57:47+00:00","dateModified":"2025-01-12T14:59:52+00:00","description":"R\u00e9paration et vente d'ordinateurs fixe et portables pour particuliers et professionnelles. Site site et en atelier avec ou sans rdv.","breadcrumb":{"@id":"https:\/\/www.alias-informatique.net\/#breadcrumb"},"inLanguage":"fr-FR","potentialAction":[{"@type":"ReadAction","target":["https:\/\/www.alias-informatique.net\/"]}]},{"@type":"BreadcrumbList","@id":"https:\/\/www.alias-informatique.net\/#breadcrumb","itemListElement":[{"@type":"ListItem","position":1,"name":"Accueil","item":"https:\/\/www.alias-informatique.net\/"},{"@type":"ListItem","position":2,"name":"Accueil"}]},{"@type":"WebSite","@id":"https:\/\/www.alias-informatique.net\/#website","url":"https:\/\/www.alias-informatique.net\/","name":"Alias informatique","description":"R\u00e9paration et vente d&#039;ordinateurs pour particuliers et professionnelles","potentialAction":[{"@type":"SearchAction","target":{"@type":"EntryPoint","urlTemplate":"https:\/\/www.alias-informatique.net\/?s={search_term_string}"},"query-input":{"@type":"PropertyValueSpecification","valueRequired":true,"valueName":"search_term_string"}}],"inLanguage":"fr-FR"}]}},"_links":{"self":[{"href":"https:\/\/www.alias-informatique.net\/index.php\/wp-json\/wp\/v2\/pages\/173","targetHints":{"allow":["GET"]}}],"collection":[{"href":"https:\/\/www.alias-informatique.net\/index.php\/wp-json\/wp\/v2\/pages"}],"about":[{"href":"https:\/\/www.alias-informatique.net\/index.php\/wp-json\/wp\/v2\/types\/page"}],"author":[{"embeddable":true,"href":"https:\/\/www.alias-informatique.net\/index.php\/wp-json\/wp\/v2\/users\/1"}],"replies":[{"embeddable":true,"href":"https:\/\/www.alias-informatique.net\/index.php\/wp-json\/wp\/v2\/comments?post=173"}],"version-history":[{"count":19,"href":"https:\/\/www.alias-informatique.net\/index.php\/wp-json\/wp\/v2\/pages\/173\/revisions"}],"predecessor-version":[{"id":959,"href":"https:\/\/www.alias-informatique.net\/index.php\/wp-json\/wp\/v2\/pages\/173\/revisions\/959"}],"wp:attachment":[{"href":"https:\/\/www.alias-informatique.net\/index.php\/wp-json\/wp\/v2\/media?parent=173"}],"curies":[{"name":"wp","href":"https:\/\/api.w.org\/{rel}","templated":true}]}}